*2 + 29*h + 38. Determine l(-28).
10
Let v(k) = -k**2 + 10*k + 77. Calculate v(-5).
2
Let g(w) = -w**3 - 5*w**2 + 3*w - 2. What is g(-5)?
-17
Let m(z) = 3*z - 2. What is m(-7)?
-23
Let q(a) = a**3 - 18*a**2 + 45*a + 6. Give q(15).
6
Let d(f) = f**2 + 5*f - 6. Give d(-5).
-6
Let k(z) = 2*z**2 - 96*z + 101. Calculate k(47).
7
Let x(n) = 2*n**3 - 10*n**2 - 3*n + 7. What is x(5)?
-8
Let l(q) = q**3 - q**2 + 4*q. What is l(3)?
30
Let v(b) = 14*b + 16. What is v(0)?
16
Let m(h) = 4*h + 74. Determine m(-21).
-10
Let t(h) = h**2 + h + 43. Calculate t(0).
43
Let m(q) = -2*q**2 - 17*q + 10. Determine m(-9).
1
Let a(p) = p**2 - 9*p + 9. Calculate a(6).
-9
Let d(s) = s**3 + 30*s**2 - 27*s + 139. Determine d(-31).
15
Let i(v) = 29*v - 8. Determine i(2).
50
Let v(k) = 2*k**2 - 3*k + 2. Determine v(6).
56
Let p(w) = w**3 + 2*w + 12. Determine p(0).
12
Let s(o) = o**2 - o + 15. Determine s(-4).
35
Let y(i) = 2*i - 8. Determine y(-8).
-24
Let o(i) = i**3 + 12*i**2 + 9*i - 21. What is o(-11)?
1
Let c(i) = -i**2 - 7*i + 20. Give c(-9).
2
Let r(z) = 19*z + 304. Determine r(-16).
0
Let l(d) = 7*d - 9. Give l(8).
47
Let c(o) = o + 15. Determine c(-7).
8
Let n(a) = -4*a + 5. What is n(4)?
-11
Let d(b) = 3*b + 5. What is d(0)?
5
Let l(m) = m**3 + 8*m**2 - 21*m - 20. Calculate l(-10).
-10
Let s(w) = w**3 - 24*w**2 - 2*w + 39. Determine s(24).
-9
Let c(t) = -2*t + 8. What is c(6)?
-4
Let l(q) = -q**3 - 33*q**2 - 62*q + 11. Give l(-31).
11
Let h(u) = -u**3 - 10*u**2 + 13*u + 5. What is h(-11)?
-17
Let q(n) = -n**2 + 10*n - 21. Determine q(7).
0
Let q(k) = k**3 + 6*k**2 + 4. Give q(-6).
4
Let j(l) = l**3 + 8*l**2 - 2. Calculate j(-5).
73
Let m(c) = -c**3 - 12*c**2 + 12*c - 8. Determine m(-13).
5
Let k(j) = 3*j - 76. Give k(17).
-25
Let o(i) = -2*i**2 + 6*i - 5. Determine o(4).
-13
Let b(u) = 2*u**2 + 15*u - 6. Give b(-8).
2
Let r(c) = -2*c**3 - 4*c**2 - 3*c - 6. Give r(-3).
21
Let k(g) = 5*g - 2. Calculate k(1).
3
Let u(g) = -3*g**3 - 82*g**2 + 57*g + 5. Calculate u(-28).
-23
Let j(x) = -18*x**2 + 35*x - 2. Give j(1).
15
Let x(c) = -8*c + 5. Determine x(5).
-35
Let m(y) = y**2 - 2*y - 3. Give m(7).
32
Let p(b) = b**3 - 6*b**2 - b + 7. Calculate p(6).
1
Let q(z) = 6*z - 7. What is q(3)?
11
Let h(b) = -38*b + 1. Calculate h(1).
-37
Let g(l) = l**3 + l**2 + 5*l + 6. Give g(-4).
-62
Let i(m) = -m**3 - 8*m**2 + 10*m + 9. What is i(-9)?
0
Let v(f) = -f**3 - 4*f**2 - 8*f - 9. What is v(-4)?
23
Let z(o) = -16*o - 4. Determine z(-2).
28
Let p(h) = h**2 - 22*h - 18. What is p(22)?
-18
Let q(k) = -k**3 - 17*k**2 + 81*k - 1. Determine q(4).
-13
Let x(c) = 26*c**3 - 3*c**2 + 4*c - 2. Give x(1).
25
Let d(z) = -z**3 - 15*z**2 + 3*z + 20. Determine d(-15).
-25
Let v(l) = l**3 - 8*l**2 - 22*l + 32. Calculate v(10).
12
Let g(x) = x**2 + 9*x + 11. What is g(-7)?
-3
Let h(b) = -b**3 + 4*b**2 + 12*b - 12. Determine h(6).
-12
Let x(m) = -7*m**3 + m**2 - m - 1. What is x(-1)?
8
Let z(j) = j**3 + 13*j**2 + 15*j + 23. Calculate z(-12).
-13
Let v(i) = 2*i - 7. What is v(-2)?
-11
Let x(d) = d**3 + 10*d**2 + 3*d - 6. Determine x(-9).
48
Let l(q) = -q**3 - 7*q**2 + 6. What is l(-6)?
-30
Let d(h) = -52*h + 49. Calculate d(1).
-3
Let w(m) = -2*m**3 + 48*m**2 - 48*m + 41. Determine w(23).
-5
Let j(y) = -y**2 - 11*y - 5. What is j(-7)?
23
Let i(d) = 27*d**3 - d**2 + 2*d + 3. Determine i(-1).
-27
Let i(h) = -h**3 - 8*h**2 + h - 4. Determine i(-4).
-72
Let p(g) = 14*g**2 + 7*g - 19. Determine p(3).
128
Let c(o) = -o**3 - 5*o**2 - 5*o + 1. Give c(-3).
-2
Let s(t) = -14*t**3 + 3*t**2 + 3*t - 8. Calculate s(2).
-102
Let s(y) = -5*y**2 - y - 2. Calculate s(-2).
-20
Let r(o) = o**2 - 30*o + 3. Give r(0).
3
Let j(p) = 2*p**2 - 6*p + 4. What is j(4)?
12
Let v(g) = -26*g**2 - 1. Determine v(-1).
-27
Let i(y) = -y**3 - 17*y**2 - 16*y + 6. Determine i(-16).
6
Let m(f) = -3*f - 6. Give m(-6).
12
Let m(f) = -4*f**2 + 20*f - 2. Determine m(5).
-2
Let q(t) = 2*t + 1. Calculate q(-1).
-1
Let y(u) = u**3 + 17*u**2 + 27*u - 54. Give y(-15).
-9
Let n(p) = p + 13. What is n(-10)?
3
Let l(u) = 2*u**2 - u - 4. Give l(2).
2
Let u(z) = -z**2 - 27*z - 145. Determine u(-7).
-5
Let y(a) = -a**2 + 19*a + 4. Give y(19).
4
Let r(b) = 3*b**2 + 38*b + 30. What is r(-12)?
6
Let u(z) = 20*z - 3. What is u(-3)?
-63
Let c(h) = -2*h**2 - 24*h - 22. Determine c(-11).
0
Let u(m) = 6*m - 18. What is u(0)?
-18
Let r(t) = -t**3 + 31*t**2 - 30*t + 31. What is r(30)?
31
Let l(j) = j**2 - 27*j + 174. What is l(9)?
12
Let o(c) = c**3 + 3*c**2 - 4*c - 2. What is o(-5)?
-32
Let y(c) = 2*c**2 - 7*c + 6. Calculate y(4).
10
Let n(a) = 2*a**3 + 21*a**2 - 11*a. Give n(-11).
0
Let f(v) = -3*v + 46. Determine f(12).
10
Let q(k) = -2*k**2 + 14*k - 3. Give q(7).
-3
Let x(o) = -11*o + 29. What is x(3)?
-4
Let k(z) = z**2 - 21*z + 17. Determine k(20).
-3
Let i(d) = -11*d - 2. Determine i(-2).
20
Let z(u) = u**3 - 4*u**2 - 2*u + 1. Give z(5).
16
Let h(v) = -v**2 - 18*v - 89. Give h(-10).
-9
Let u(k) = -k**3 + 18*k + 10. Give u(-4).
2
Let a(s) = 22*s - 2. What is a(2)?
42
Let l(j) = -33*j - 167. Calculate l(-5).
-2
Let g(x) = -x**3 - 7*x**2 + 20*x + 23. Determine g(-9).
5
Let n(i) = -2*i - 5. Determine n(4).
-13
Let n(x) = -x**2 - 8*x + 3. Determine n(-8).
3
Let c(w) = -53*w**3 + w**2 - 1. What is c(1)?
-53
Let u(b) = 18*b - 418. Calculate u(23).
-4
Let b(y) = -y**2 - 20*y - 18. Determine b(-20).
-18
Let y(f) = f**3 - 15*f**2 - 8*f + 96. Calculate y(15).
-24
Let g(a) = -17*a + 12. Calculate g(1).
-5
Let u(l) = l + 20. What is u(-12)?
8
Let o(d) = d**3 - 8*d**2 - 20*d + 5. Determine o(10).
5
Let a(c) = -c + 25. Calculate a(27).
-2
Let o(v) = -2*v - 42. Give o(-32).
22
Let h(m) = 2*m + 8. Calculate h(11).
30
Let p(y) = -3*y + 1. What is p(6)?
-17
Let u(f) = -2*f + 36. Determine u(20).
-4
Let a(t) = -t**3 + 7*t**2 + 6*t + 1. What is a(8)?
-15
Let c(h) = -2*h - 7. Determine c(-3).
-1
Let q(y) = 3*y**2 - 2*y + 2. What is q(2)?
10
Let i(n) = -21*n + 14. Determine i(1).
-7
Let r(o) = 6*o + 142. Give r(-26).
-14
Let r(p) = 2*p**2 - 7*p - 11. Determine r(5).
4
Let z(k) = 4*k + 34. Determine z(-7).
6
Let o(g) = g**3 - 3*g**2 - 13*g + 4. Calculate o(-4).
-56
Let l(v) = 4*v - 146. Determine l(35).
-6
Let o(t) = t**2 + 31*t + 39. Determine o(-27).
-69
Let x(n) = n**3 - 9*n**2 + 11*n - 3. Give x(8).
21
Let y(h) = -3*h**3 + 16*h**2 - 9*h + 13. Calculate y(5).
-7
Let b(y) = -2*y**3 + 7*y**2 - 4*y - 12. Give b(3).
-15
Let w(j) = -8*j**2 + 3*j - 3. What is w(1)?
-8
Let z(i) = -4*i**2 - 19*i + 19. Determine z(-6).
-11
Let n(p) = -p**3 - p**2 + 4*p + 1. Give n(-3).
7
Let t(b) = b**3 - 12*b**2 - 24*b - 57. What is t(14)?
-1
Let h(b) = -b**2 - 37*b - 81. Determine h(-35).
-11
Let z(m) = -11*m**2 - 52*m + 8. Determine z(-5).
-7
Let v(x) = 5*x - 29. Calculate v(7).
6
Let v(w) = 2*w**3 - 50*w**2 - 53*w - 28. Calculate v(26).
-54
Let i(j) = 2*j - 11. Determine i(6).
1
Let i(n) = -15*n - 10. Give i(-4).
50
Let d(j) = j**3 + 7*j**2 + 7*j + 1. Give d(-6).
-5
Let p(s) = s**3 - 8*s**2 + 18*s - 6. Give p(5).
9
Let t(p) = p**3 - 2*p**2 - 10*p - 25. What is t(5)?
0
Let c(z) = 8*z - 1. What is c(-9)?
-73
Let g(x) = -7*x**2 + x. Calculate g(-1).
-8
Let s(f) = -2*f**3 + 9*f**2 + 4*f + 4. Determine s(5).
-1
Let k(y) = 34*y + 189. Calculate k(-6).
-15
Let x(i) = -6*i + 7. What is x(7)?
-35
Let p(a) = a + 9. Determine p(-17).
-8
Let v(g) = -2*g - 6. Determine v(-5).
4
Let f(w) = -25*w - 4. Determine f(2).
-54
Let r(m) = m**3 + 5*m**2 - 7*m - 7. Calculate r(-6).
-1
Let d(l) = -2*l**2 + 8*l + 83. Give d(9).
-7
Let q(k) = k**3 - 3*k**2 - k + 2. Give q(3).
-1
Let h(m) = -m**3 - 3*m**2 + 17*m + 53. What is h(-3)?
2
Let b(c) = -2*c**3 - 25*c**2 + 43*c + 4. Determine b(2).
-26
Let v(a) = a**2 - 6*a - 18. Determine v(8).
-2
Let i(j) = 3*j - 29. Give i(9).
-2
Let w(q) = q**3 - 9*q**2 + 13*q + 10. Determine w(6).
-20
Let w(r) = 4*r - 15. Calculate w(-1).
-19
Let x(i) = -105*i**3 - i - 1. Determine x(-1).
105
Let b(p) = p**3 + 5*p**2 - 9*p - 1. What is b(-7)?
-36
Let r(b) = -b**3 - 14*b**2 - 15*b - 10. Determine r(-13).
16
Let t(r) = -r**2 + 2*r + 10. Give t(4).
2
Let j(q) = -q**3 - 12*q**2 - 16*q + 46. Calculate j(-10).
6
Let t(l) = -22*l + 296. Determine t(13).
10
Let p(v) = v**2 - 9*v + 8. Calculate p(6).
-10
Let i(n) = -n**2 + 2*n - 6. Determine i(4).
-14
Let m(i) = 8*i + 7. Give m(1).
15
Let u(y) = 5*y +